{"id":90,"date":"2026-03-12T10:30:41","date_gmt":"2026-03-12T10:30:41","guid":{"rendered":"https:\/\/war-machine-protocol.fr\/?page_id=90"},"modified":"2026-03-12T10:30:41","modified_gmt":"2026-03-12T10:30:41","slug":"tb-500-mobilite-articulaire-et-reparation-musculaire","status":"publish","type":"page","link":"https:\/\/war-machine-protocol.fr\/index.php\/tb-500-mobilite-articulaire-et-reparation-musculaire\/","title":{"rendered":"TB-500 : Mobilit\u00e9 Articulaire et R\u00e9paration Musculaire"},"content":{"rendered":"\n<h2 class=\"wp-block-heading\">TB-500 : La Puissance de la R\u00e9g\u00e9n\u00e9ration Musculaire<\/h2>\n\n\n\n<p>Le <strong>TB-500<\/strong> est une version synth\u00e9tique de la Thymosine B\u00eata-4, une prot\u00e9ine naturelle pr\u00e9sente dans presque toutes les cellules humaines. Sa principale fonction est de favoriser la migration cellulaire et la formation de nouveaux vaisseaux sanguins.<\/p>\n\n\n\n<h3 class=\"wp-block-heading\">Atouts Majeurs :<\/h3>\n\n\n\n<ul class=\"wp-block-list\">\n<li>Acc\u00e9l\u00e9ration massive de la r\u00e9paration des fibres musculaires<\/li>\n\n\n\n<li>Am\u00e9lioration de la flexibilit\u00e9 et de la mobilit\u00e9 articulaire<\/li>\n\n\n\n<li>R\u00e9duction de l&#8217;inflammation chronique<\/li>\n\n\n\n<li>Synergie parfaite avec le BPC-157<\/li>\n<\/ul>\n\n\n\n<p>Essentiel pour les athl\u00e8tes cherchant \u00e0 minimiser leur temps d&#8217;arr\u00eat. Puret\u00e9 certifi\u00e9e +99%.<\/p>\n","protected":false},"excerpt":{"rendered":"<p>TB-500 : La Puissance de la R\u00e9g\u00e9n\u00e9ration Musculaire Le TB-500 est une version synth\u00e9tique de la Thymosine B\u00eata-4, une prot\u00e9ine [&hellip;]<\/p>\n","protected":false},"author":1,"featured_media":0,"parent":0,"menu_order":0,"comment_status":"closed","ping_status":"closed","template":"","meta":{"site-sidebar-layout":"default","site-content-layout":"","ast-site-content-layout":"default","site-content-style":"default","site-sidebar-style":"default","ast-global-header-display":"","ast-banner-title-visibility":"","ast-main-header-display":"","ast-hfb-above-header-display":"","ast-hfb-below-header-display":"","ast-hfb-mobile-header-display":"","site-post-title":"","ast-breadcrumbs-content":"","ast-featured-img":"","footer-sml-layout":"","ast-disable-related-posts":"","theme-transparent-header-meta":"","adv-header-id-meta":"","stick-header-meta":"","header-above-stick-meta":"","header-main-stick-meta":"","header-below-stick-meta":"","astra-migrate-meta-layouts":"default","ast-page-background-enabled":"default","ast-page-background-meta":{"desktop":{"background-color":"var(--ast-global-color-5)","background-image":"","background-repeat":"repeat","background-position":"center center","background-size":"auto","background-attachment":"scroll","background-type":"","background-media":"","overlay-type":"","overlay-color":"","overlay-opacity":"","overlay-gradient":""},"tablet":{"background-color":"","background-image":"","background-repeat":"repeat","background-position":"center center","background-size":"auto","background-attachment":"scroll","background-type":"","background-media":"","overlay-type":"","overlay-color":"","overlay-opacity":"","overlay-gradient":""},"mobile":{"background-color":"","background-image":"","background-repeat":"repeat","background-position":"center center","background-size":"auto","background-attachment":"scroll","background-type":"","background-media":"","overlay-type":"","overlay-color":"","overlay-opacity":"","overlay-gradient":""}},"ast-content-background-meta":{"desktop":{"background-color":"var(--ast-global-color-4)","background-image":"","background-repeat":"repeat","background-position":"center center","background-size":"auto","background-attachment":"scroll","background-type":"","background-media":"","overlay-type":"","overlay-color":"","overlay-opacity":"","overlay-gradient":""},"tablet":{"background-color":"var(--ast-global-color-4)","background-image":"","background-repeat":"repeat","background-position":"center center","background-size":"auto","background-attachment":"scroll","background-type":"","background-media":"","overlay-type":"","overlay-color":"","overlay-opacity":"","overlay-gradient":""},"mobile":{"background-color":"var(--ast-global-color-4)","background-image":"","background-repeat":"repeat","background-position":"center center","background-size":"auto","background-attachment":"scroll","background-type":"","background-media":"","overlay-type":"","overlay-color":"","overlay-opacity":"","overlay-gradient":""}},"footnotes":""},"class_list":["post-90","page","type-page","status-publish","hentry"],"_links":{"self":[{"href":"https:\/\/war-machine-protocol.fr\/index.php\/wp-json\/wp\/v2\/pages\/90","targetHints":{"allow":["GET"]}}],"collection":[{"href":"https:\/\/war-machine-protocol.fr\/index.php\/wp-json\/wp\/v2\/pages"}],"about":[{"href":"https:\/\/war-machine-protocol.fr\/index.php\/wp-json\/wp\/v2\/types\/page"}],"author":[{"embeddable":true,"href":"https:\/\/war-machine-protocol.fr\/index.php\/wp-json\/wp\/v2\/users\/1"}],"replies":[{"embeddable":true,"href":"https:\/\/war-machine-protocol.fr\/index.php\/wp-json\/wp\/v2\/comments?post=90"}],"version-history":[{"count":1,"href":"https:\/\/war-machine-protocol.fr\/index.php\/wp-json\/wp\/v2\/pages\/90\/revisions"}],"predecessor-version":[{"id":91,"href":"https:\/\/war-machine-protocol.fr\/index.php\/wp-json\/wp\/v2\/pages\/90\/revisions\/91"}],"wp:attachment":[{"href":"https:\/\/war-machine-protocol.fr\/index.php\/wp-json\/wp\/v2\/media?parent=90"}],"curies":[{"name":"wp","href":"https:\/\/api.w.org\/{rel}","templated":true}]}}