{"id":88,"date":"2026-03-12T10:29:54","date_gmt":"2026-03-12T10:29:54","guid":{"rendered":"https:\/\/war-machine-protocol.fr\/?page_id=88"},"modified":"2026-03-12T10:29:54","modified_gmt":"2026-03-12T10:29:54","slug":"cjc-1295-synergie-hormonale-et-muscle-lean","status":"publish","type":"page","link":"https:\/\/war-machine-protocol.fr\/index.php\/cjc-1295-synergie-hormonale-et-muscle-lean\/","title":{"rendered":"CJC-1295 : Synergie Hormonale et Muscle Lean"},"content":{"rendered":"\n<h2 class=\"wp-block-heading\">CJC-1295 : L&#8217;Hormone de Croissance Optimis\u00e9e<\/h2>\n\n\n\n<p>Le <strong>CJC-1295<\/strong> est un analogue synth\u00e9tique de l&#8217;hormone de lib\u00e9ration de l&#8217;hormone de croissance (GHRH). Il permet une \u00e9l\u00e9vation stable et prolong\u00e9e des niveaux d&#8217;IGF-1, favorisant la croissance musculaire et la perte de gras.<\/p>\n\n\n\n<h3 class=\"wp-block-heading\">B\u00e9n\u00e9fices Majeurs :<\/h3>\n\n\n\n<ul class=\"wp-block-list\">\n<li>Augmentation de la masse musculaire maigre<\/li>\n\n\n\n<li>Am\u00e9lioration de la qualit\u00e9 du sommeil et de la r\u00e9cup\u00e9ration<\/li>\n\n\n\n<li>Renforcement du syst\u00e8me immunitaire<\/li>\n\n\n\n<li>Effet anti-\u00e2ge global<\/li>\n<\/ul>\n\n\n\n<p>Disponible en version avec ou sans DAC. Certifi\u00e9 pur \u00e0 +99%.<\/p>\n","protected":false},"excerpt":{"rendered":"<p>CJC-1295 : L&#8217;Hormone de Croissance Optimis\u00e9e Le CJC-1295 est un analogue synth\u00e9tique de l&#8217;hormone de lib\u00e9ration de l&#8217;hormone de croissance [&hellip;]<\/p>\n","protected":false},"author":1,"featured_media":0,"parent":0,"menu_order":0,"comment_status":"closed","ping_status":"closed","template":"","meta":{"site-sidebar-layout":"default","site-content-layout":"","ast-site-content-layout":"default","site-content-style":"default","site-sidebar-style":"default","ast-global-header-display":"","ast-banner-title-visibility":"","ast-main-header-display":"","ast-hfb-above-header-display":"","ast-hfb-below-header-display":"","ast-hfb-mobile-header-display":"","site-post-title":"","ast-breadcrumbs-content":"","ast-featured-img":"","footer-sml-layout":"","ast-disable-related-posts":"","theme-transparent-header-meta":"","adv-header-id-meta":"","stick-header-meta":"","header-above-stick-meta":"","header-main-stick-meta":"","header-below-stick-meta":"","astra-migrate-meta-layouts":"default","ast-page-background-enabled":"default","ast-page-background-meta":{"desktop":{"background-color":"var(--ast-global-color-5)","background-image":"","background-repeat":"repeat","background-position":"center center","background-size":"auto","background-attachment":"scroll","background-type":"","background-media":"","overlay-type":"","overlay-color":"","overlay-opacity":"","overlay-gradient":""},"tablet":{"background-color":"","background-image":"","background-repeat":"repeat","background-position":"center center","background-size":"auto","background-attachment":"scroll","background-type":"","background-media":"","overlay-type":"","overlay-color":"","overlay-opacity":"","overlay-gradient":""},"mobile":{"background-color":"","background-image":"","background-repeat":"repeat","background-position":"center center","background-size":"auto","background-attachment":"scroll","background-type":"","background-media":"","overlay-type":"","overlay-color":"","overlay-opacity":"","overlay-gradient":""}},"ast-content-background-meta":{"desktop":{"background-color":"var(--ast-global-color-4)","background-image":"","background-repeat":"repeat","background-position":"center center","background-size":"auto","background-attachment":"scroll","background-type":"","background-media":"","overlay-type":"","overlay-color":"","overlay-opacity":"","overlay-gradient":""},"tablet":{"background-color":"var(--ast-global-color-4)","background-image":"","background-repeat":"repeat","background-position":"center center","background-size":"auto","background-attachment":"scroll","background-type":"","background-media":"","overlay-type":"","overlay-color":"","overlay-opacity":"","overlay-gradient":""},"mobile":{"background-color":"var(--ast-global-color-4)","background-image":"","background-repeat":"repeat","background-position":"center center","background-size":"auto","background-attachment":"scroll","background-type":"","background-media":"","overlay-type":"","overlay-color":"","overlay-opacity":"","overlay-gradient":""}},"footnotes":""},"class_list":["post-88","page","type-page","status-publish","hentry"],"_links":{"self":[{"href":"https:\/\/war-machine-protocol.fr\/index.php\/wp-json\/wp\/v2\/pages\/88","targetHints":{"allow":["GET"]}}],"collection":[{"href":"https:\/\/war-machine-protocol.fr\/index.php\/wp-json\/wp\/v2\/pages"}],"about":[{"href":"https:\/\/war-machine-protocol.fr\/index.php\/wp-json\/wp\/v2\/types\/page"}],"author":[{"embeddable":true,"href":"https:\/\/war-machine-protocol.fr\/index.php\/wp-json\/wp\/v2\/users\/1"}],"replies":[{"embeddable":true,"href":"https:\/\/war-machine-protocol.fr\/index.php\/wp-json\/wp\/v2\/comments?post=88"}],"version-history":[{"count":1,"href":"https:\/\/war-machine-protocol.fr\/index.php\/wp-json\/wp\/v2\/pages\/88\/revisions"}],"predecessor-version":[{"id":89,"href":"https:\/\/war-machine-protocol.fr\/index.php\/wp-json\/wp\/v2\/pages\/88\/revisions\/89"}],"wp:attachment":[{"href":"https:\/\/war-machine-protocol.fr\/index.php\/wp-json\/wp\/v2\/media?parent=88"}],"curies":[{"name":"wp","href":"https:\/\/api.w.org\/{rel}","templated":true}]}}